rs of x.
2, 5, 17
Suppose 3*d + 5057 = 5*r, r = 3*r + d - 2014. What are the prime factors of r?
1009
Let l(z) = -12*z**3 - 3*z**2 - 4*z - 4. Let o = 27 - 29. List the prime factors of l(o).
2, 11
Let k be -582*(3/2)/(-3). Let v = k - 86. What are the prime factors of v?
5, 41
Let u(o) be the second derivative of -o**3/6 - o**2/2 - 4*o. Let a be u(-12). Suppose -2*l + 13 + a = 0. List the prime factors of l.
2, 3
Let x = -33 + 35. Suppose -5*h + x*h + 132 = 0. What are the prime factors of h?
2, 11
Let v(u) = -2*u + 11. Let f be v(4). Suppose 0 = f*r - z - 91 + 15, 5*z - 140 = -5*r. List the prime factors of r.
2, 13
Suppose -14 + 0 = -2*j. Suppose 0*w - w - j = 0. What are the prime factors of -5 - -2 - 2*w?
11
Let d(i) = 2*i**2 - 14*i + 33. What are the prime factors of d(9)?
3, 23
Suppose 3*b = 0, b + 140 = -m + 908. List the prime factors of m.
2, 3
Let s(w) = -w**3 - w**2 + 28. Let l(r) = -r**2 + 5*r + 6. Suppose 0 = -4*z + 4 + 20. Let q be l(z). List the prime factors of s(q).
2, 7
Suppose 4*t - 268 - 12 = 0. What are the prime factors of (3 - t/22) + (-2226)/(-22)?
101
Let m(a) = a**3 - 7*a**2 + 5*a - 17. Let v = -40 + 48. What are the prime factors of m(v)?
3, 29
Let b(f) = 9*f - 2 - 9 + 11*f**2 + 4*f**3 - 3*f**3. What are the prime factors of b(-5)?
2, 47
Suppose -4*b + 3*i = 0, 2*b + i = -3*b + 19. Suppose 5*c - 55 = -m, -m - 18 = -2*c - b. Suppose -u = -c + 8. List the prime factors of u.
2
Suppose 2*o + 3*o + k = 20, 4 = 3*o - k. Let f = 431 + -343. Suppose w - o*w = -f. List the prime factors of w.
2, 11
Let c be 1*-2 - ((-4)/2 - 687). Suppose 10*q - 13*q + c = 0. What are the prime factors of q?
229
Let p = 1541 - 64. What are the prime factors of p?
7, 211
Let l(g) = -g**2 - 5*g - 2. Let r be l(-2). Suppose -2*d + 0*d + 46 = r*x, x - 3*d - 15 = 0. What are the prime factors of x?
2, 3
What are the prime factors of 2/5 + (-2152)/(-20)?
2, 3
Let b = 1745 - 372. List the prime factors of b.
1373
Let s(x) = 10*x + 9 - 2*x + 0. Suppose -45*t = -32*t - 91. What are the prime factors of s(t)?
5, 13
Let s(u) = 30*u**2 - 7*u - 11. Let j be s(-3). Suppose 0 = 2*q - j. List the prime factors of q.
2, 5, 7
Let d = 25 + -15. Suppose -s + 14 = -d. What are the prime factors of s?
2, 3
Suppose -35*d + 34*d = 0. Suppose 5*q - 601 + 201 = d. What are the prime factors of q?
2, 5
Suppose 0 = -3*d + 5*j + 57, -3*d + j = -0*j - 45. What are the prime factors of d/49 + 570/14?
41
Suppose -2*p - 3*p + 10 = 3*s, 4*p + 24 = 4*s. Let u be (4/12)/(s/435). Suppose 21 = 2*a - u. What are the prime factors of a?
5
Suppose -6*k = -19*k + 5512. Let h = k + -292. What are the prime factors of h?
2, 3, 11
Let y(w) = -w**3 + 5*w**2 + 4*w + 6. Let z be ((-16)/6)/((-4)/6). What are the prime factors of y(z)?
2, 19
Let p(l) be the second derivative of -l**5/20 - l**4/6 + l**3 - 2*l**2 - 24*l. What are the prime factors of p(-6)?
2, 13
Let l(y) = -5*y**3 + 3*y**2 - 4*y + 3. Let s be l(3). Let i = -606 + 432. Let u = s - i. List the prime factors of u.
3, 19
Let u(p) = p**2 - 10*p + 555. What are the prime factors of u(0)?
3, 5, 37
Suppose 0 = -31*y + 27*y - 32. What are the prime factors of (-1 - (-1)/2) + (-2380)/y?
3, 11
Let g = 1 + 309. Suppose 0 = 2*u - 10, g = 7*s - 2*s + 3*u. List the prime factors of s.
59
Let w(z) = -z**2 + 13*z. Let t be w(8). Let c = 18 + t. What are the prime factors of c?
2, 29
Suppose 0 = 2*d - 6*d - 160. Let q = d - -63. Suppose o - q - 5 = 0. List the prime factors of o.
2, 7
Let i be -2 + 49 + -4 + 5. Suppose 5*h + 5*z = 3*h + 31, 4*h = 4*z + i. List the prime factors of h.
13
Let x be 10/6 - (-4)/12. Suppose r = x*r - 4*q - 37, -5*r + 109 = -q. Let m = r + -6. List the prime factors of m.
3, 5
Let d(r) = -680*r + 731. List the prime factors of d(-7).
17, 19
Let n = 1017 + -1015. Let l be -7*(-1 - 0/(-1)). Suppose l*z - 80 = n*z. List the prime factors of z.
2
Let j(x) = -3*x**3 + 18*x**2 - x + 5. Let f be j(6). List the prime factors of f/3 + 11/((-132)/(-3496)).
3, 97
Let p(o) = -o**3 - 9*o**2 + 9*o - 3. Suppose d = -4*d - 50. Let g be p(d). Suppose -2*u + g*l + 8 = 3*l, -u = -4*l + 4. List the prime factors of u.
2, 3
What are the prime factors of (-52)/676 - (-116067)/39?
2, 3, 31
Let i(u) = -7 + 27 - 6 + 16 - 7*u. List the prime factors of i(-7).
79
Let u(t) = -t**3 + 7*t**2 + t - 2. Let i be u(7). Suppose -34 + 9 = -i*l. What are the prime factors of l?
5
Let k(q) = 3*q - 5. Let i be k(5). Let d = 26 - i. List the prime factors of 4/6 + d/12.
2
Suppose 4*m - 3650 = 2*q, -4*m - 3*q + 2742 = -m. List the prime factors of m.
11, 83
Suppose 20970 = 5*i + 3320. List the prime factors of i.
2, 5, 353
Let a(o) = -11*o + 2. Let q be 10/3*(-6)/(-4). Suppose 0 = -x - 5*h - 2, 0 = 2*x + q*h - 2*h + 4. List the prime factors of a(x).
2, 3
Suppose -m - 90 = m. Let z = -25 - m. What are the prime factors of z?
2, 5
Suppose -4*v + 8 = 4*o, -4*o - 5*v = -4*v - 8. Let z(f) = -f + 7*f**3 - 1 + o - f**2 + 16*f**3. What are the prime factors of z(1)?
2, 11
Let u = 5879 + -2563. What are the prime factors of u?
2, 829
Let k be 8 + (-3)/(6/(-8)). What are the prime factors of (-2)/k - 397/(-6)?
2, 3, 11
Suppose -3*v + 5713 = -4*i, -3*i + 660 + 1253 = v. List the prime factors of v.
1907
Suppose -m + 4 - 12 = 2*k, 3*m + 4*k = -14. Let x(y) = 30*y - 3*y**2 - 1 - 24*y + 2*y**2 + 5*y**m. What are the prime factors of x(3)?
53
Suppose 0 = -3*g - 4*q + 20, -2*g - g + 3*q = 15. Suppose -4*l + 3 = -3*y - l, g = y - 2*l. List the prime factors of 292/12 + y/6.
2, 3
Let h be (-24)/(-20)*10/3. Suppose 3*o - 5*s = -o + 292, -2*o - h*s + 120 = 0. Let q = o - 43. List the prime factors of q.
5
Suppose 3*a + 0*q + q = 11, 5*q - 29 = -2*a. Let u be (1/a)/(10/(-520)). What are the prime factors of (3 + 0)*u/(-6)?
13
Let c = 39 + -34. Suppose 4*k = c*k + 8. List the prime factors of 260/6 + k/24.
43
Let s(w) be the third derivative of 11/6*w**3 + 0 + 5*w**2 + 0*w + 1/60*w**5 + 3/8*w**4. What are the prime factors of s(-12)?
47
Let p(h) be the third derivative of 7*h**5/60 + h**4/12 - 6*h**2. What are the prime factors of p(-1)?
5
Suppose -56*p = -38*p - 33498. List the prime factors of p.
1861
Suppose 5*q + 39 + 16 = 0. List the prime factors of ((-25)/(-3))/(q/(-99)).
3, 5
Suppose 4*w = -5*q + 7395, 118*w - 114*w + 4*q = 7396. List the prime factors of w.
2, 5, 37
Let g(q) = 2*q**2 - 12*q - 22. List the prime factors of g(23).
2, 5, 19
Suppose -3*h + 1 = 2*z, -4*z + 3*h = 6 - 17. Suppose z*k - 258 - 212 = 0. What are the prime factors of k?
5, 47
Let h(a) = a**3 - a**2 - 3*a - 4. Suppose 0 = 2*g - f - 6, 2*f = -0*f. Let x = g + 0. What are the prime factors of h(x)?
5
Suppose -3571 = -3*l - k, 95*l + 4*k + 4788 = 99*l. What are the prime factors of l?
2, 149
Let d be -3 + 94*(-1)/(-1). Let i be (-4)/26 - (-14)/d. Suppose -2*c = -0*c + u - 17, c + 3*u - 6 = i. List the prime factors of c.
3
Let t(y) = -y**3 + 13*y**2 - 13*y + 14. Let u be t(12). Let n(o) = 26*o**2 - o + 7*o**u - 10*o**2 + 17*o**2. What are the prime factors of n(1)?
3, 13
Suppose -8253 = 10*t + 5937. What are the prime factors of t/(-12) - (-2)/(-8)?
2, 59
Suppose 0 = q + 2*q - 18. Suppose -10*z + 12 = -q*z. Suppose -5*s + 4*b = 30 - 135, -3*s - z*b = -63. List the prime factors of s.
3, 7
Let r = -16 - -18. Let d(w) = 5*w**r + 429 - 429 + 7*w. List the prime factors of d(-3).
2, 3
Suppose -s + 6*s = 0. Suppose -p + 0*x = 5*x + 15, 2*p + x + 12 = s. List the prime factors of 306/30 + 1/p.
2, 5
Let b = -22 - -23. Let m = 5 - b. Suppose -2*a = -4, m*y = 3*y + 4*a + 45. What are the prime factors of y?
53
Let m = 1156 + -348. What are the prime factors of m?
2, 101
Let s be -2 - -4 - 4/2. List the prime factors of (9/((-36)/(-152)))/(s + 1).
2, 19
Let n = 98 - -215. List the prime factors of n.
313
What are the prime factors of ((-205)/(-5)*2)/2*10?
2, 5, 41
Suppose -3 = 4*a + 13. Let n = 6 - a. Let o = n - -15. List the prime factors of o.
5
Let s(j) = j**2 + j + 1. Let k(f) = 6*f**2 - f + 1. Let w(n) = k(n) - s(n). Let o be 76/(-28) + 2/(-7). List the prime factors of w(o).
3, 17
Let c(s) be the second derivative of s**4/12 + s**3/3 + 149*s**2/2 - s - 31. What are the prime factors of c(0)?
149
Let x = 84 + -83. Let l(m) = 133*m + 4. What are the prime factors of l(x)?
137
Let b be 4/(-12) + (-14